{"id":54,"date":"2019-06-13T09:54:07","date_gmt":"2019-06-13T07:54:07","guid":{"rendered":"http:\/\/skurugolv.se\/?page_id=54"},"modified":"2023-11-22T00:02:07","modified_gmt":"2023-11-21T23:02:07","slug":"54-2","status":"publish","type":"page","link":"https:\/\/skurugolv.se\/","title":{"rendered":"\u25bc"},"content":{"rendered":"\n<div class=\"wp-block-ps2id-block-target\" id=\"om-oss\"><\/div>\n\n\n\n<div style=\"height:20px\" aria-hidden=\"true\" class=\"wp-block-spacer\"><\/div>\n\n\n\n<hr class=\"wp-block-separator has-css-opacity is-style-wide\"\/>\n\n\n\n<h1 class=\"wp-block-heading has-text-align-center\">OM OSS<\/h1>\n\n\n\n<div class=\"column-om-oss\"><\/div>\n\n\n\n<p class=\"has-text-align-left om-oss has-white-color has-text-color has-background\" style=\"background-color:#024e99\">Skuru Golvservice \u00e4r ett familjef\u00f6retag som grundades 1980 av Hans Larsson. Sedan 1986 har familjen drivit f\u00f6retaget i aktiebolagsform med Kent Larsson som VD. Vi \u00e4r idag 14 engagerade medarbetare med bred erfarenhet och kunskap som utg\u00f6r ett motiverat och sammansvetsat team. Alla typer av kunder finns representerade i v\u00e5rt kundregister d\u00e4r merparten \u00e4r fasta best\u00e4llare och \u00e5terfinns i Nacka\/V\u00e4rmd\u00f6. V\u00e5r vision \u00e4r att Skuru Golvservice AB ska bli det ledande f\u00f6retaget inom golvbel\u00e4ggningar och vattent\u00e4ta v\u00e4ggbekl\u00e4dnader i Nacka\/V\u00e4rmd\u00f6 med omnejd.<\/p>\n\n\n\n<p class=\"has-text-align-center om-oss has-white-color has-text-color has-background has-medium-font-size\" style=\"background-color:#024e99\"><strong>Vi \u00e4r auktoriserade medlemmar i GBR samt GVK.<\/strong><\/p>\n\n\n\n<div class=\"wp-block-columns has-2-columns is-layout-flex wp-container-core-columns-is-layout-9d6595d7 wp-block-columns-is-layout-flex\">\n<div class=\"wp-block-column is-layout-flow wp-block-column-is-layout-flow\">\n<div class=\"gvk_bild\"><div class=\"wp-block-image\"><figure class=\"aligncenter is-resized\"><a href=\"https:\/\/www.gvk.se\/hitta-foretag\/foretag?companyname=Skuru+Golvservice+AB&amp;city=Saltsj%C3%B6-Boo\" target=\"_blank\" rel=\"noreferrer noopener\"><img data-recalc-dims=\"1\" loading=\"lazy\" decoding=\"async\" data-attachment-id=\"1243\" data-permalink=\"https:\/\/skurugolv.se\/?attachment_id=1243\" data-orig-file=\"https:\/\/i0.wp.com\/skurugolv.se\/wp-content\/uploads\/2019\/06\/gvk12.png?fit=360%2C360&amp;ssl=1\" data-orig-size=\"360,360\" data-comments-opened=\"1\" data-image-meta=\"{&quot;aperture&quot;:&quot;0&quot;,&quot;credit&quot;:&quot;&quot;,&quot;camera&quot;:&quot;&quot;,&quot;caption&quot;:&quot;&quot;,&quot;created_timestamp&quot;:&quot;0&quot;,&quot;copyright&quot;:&quot;&quot;,&quot;focal_length&quot;:&quot;0&quot;,&quot;iso&quot;:&quot;0&quot;,&quot;shutter_speed&quot;:&quot;0&quot;,&quot;title&quot;:&quot;&quot;,&quot;orientation&quot;:&quot;0&quot;}\" data-image-title=\"gvk12\" data-image-description=\"\" data-image-caption=\"\" data-medium-file=\"https:\/\/i0.wp.com\/skurugolv.se\/wp-content\/uploads\/2019\/06\/gvk12.png?fit=300%2C300&amp;ssl=1\" data-large-file=\"https:\/\/i0.wp.com\/skurugolv.se\/wp-content\/uploads\/2019\/06\/gvk12.png?fit=360%2C360&amp;ssl=1\" src=\"https:\/\/i0.wp.com\/skurugolv.se\/wp-content\/uploads\/2019\/06\/gvk12.png?resize=230%2C230&#038;ssl=1\" alt=\"\" class=\"wp-image-1243\" width=\"230\" height=\"230\" srcset=\"https:\/\/i0.wp.com\/skurugolv.se\/wp-content\/uploads\/2019\/06\/gvk12.png?w=360&amp;ssl=1 360w, https:\/\/i0.wp.com\/skurugolv.se\/wp-content\/uploads\/2019\/06\/gvk12.png?resize=150%2C150&amp;ssl=1 150w, https:\/\/i0.wp.com\/skurugolv.se\/wp-content\/uploads\/2019\/06\/gvk12.png?resize=300%2C300&amp;ssl=1 300w\" sizes=\"auto, (max-width: 230px) 100vw, 230px\" \/><\/a><\/figure><\/div><\/div>\n\n\n\n<p><\/p>\n<\/div>\n\n\n\n<div class=\"wp-block-column is-layout-flow wp-block-column-is-layout-flow\">\n<div class=\"gbr_bild\"><div class=\"wp-block-image\"><figure class=\"aligncenter is-resized\"><figure><a href=\"https:\/\/www.golvbranschen.se\/medlemsforetag\/skuru-golvservice-ab\" target=\"_blank\" rel=\"noopener noreferrer\"><img data-recalc-dims=\"1\" loading=\"lazy\" decoding=\"async\" data-attachment-id=\"239\" data-permalink=\"https:\/\/skurugolv.se\/?attachment_id=239\" data-orig-file=\"https:\/\/i0.wp.com\/skurugolv.se\/wp-content\/uploads\/2019\/06\/gbr.gif?fit=1225%2C925&amp;ssl=1\" data-orig-size=\"1225,925\" data-comments-opened=\"1\" data-image-meta=\"{&quot;aperture&quot;:&quot;0&quot;,&quot;credit&quot;:&quot;&quot;,&quot;camera&quot;:&quot;&quot;,&quot;caption&quot;:&quot;&quot;,&quot;created_timestamp&quot;:&quot;0&quot;,&quot;copyright&quot;:&quot;&quot;,&quot;focal_length&quot;:&quot;0&quot;,&quot;iso&quot;:&quot;0&quot;,&quot;shutter_speed&quot;:&quot;0&quot;,&quot;title&quot;:&quot;&quot;,&quot;orientation&quot;:&quot;0&quot;}\" data-image-title=\"gbr\" data-image-description=\"\" data-image-caption=\"\" data-medium-file=\"https:\/\/i0.wp.com\/skurugolv.se\/wp-content\/uploads\/2019\/06\/gbr.gif?fit=300%2C227&amp;ssl=1\" data-large-file=\"https:\/\/i0.wp.com\/skurugolv.se\/wp-content\/uploads\/2019\/06\/gbr.gif?fit=740%2C559&amp;ssl=1\" src=\"https:\/\/i0.wp.com\/skurugolv.se\/wp-content\/uploads\/2019\/06\/gbr.gif?resize=226%2C170&#038;ssl=1\" alt=\"\" class=\"wp-image-239\" width=\"226\" height=\"170\" srcset=\"https:\/\/i0.wp.com\/skurugolv.se\/wp-content\/uploads\/2019\/06\/gbr.gif?w=1225&amp;ssl=1 1225w, https:\/\/i0.wp.com\/skurugolv.se\/wp-content\/uploads\/2019\/06\/gbr.gif?resize=300%2C227&amp;ssl=1 300w, https:\/\/i0.wp.com\/skurugolv.se\/wp-content\/uploads\/2019\/06\/gbr.gif?resize=1024%2C773&amp;ssl=1 1024w\" sizes=\"auto, (max-width: 226px) 100vw, 226px\" \/><\/a><\/figure><\/figure><\/div><\/div>\n<\/div>\n<\/div>\n\n\n\n<div style=\"height:20px\" aria-hidden=\"true\" class=\"wp-block-spacer\"><\/div>\n\n\n\n<hr class=\"wp-block-separator has-css-opacity is-style-wide\"\/>\n\n\n\n<div class=\"wp-block-ps2id-block-target\" id=\"referenser\"><\/div>\n\n\n\n<div style=\"height:20px\" aria-hidden=\"true\" class=\"wp-block-spacer\"><\/div>\n\n\n\n<h1 class=\"wp-block-heading has-text-align-center\">REFERENSER<\/h1>\n\n\n\n<figure class=\"wp-block-gallery alignwide has-nested-images columns-5 wp-block-gallery-1 is-layout-flex wp-block-gallery-is-layout-flex\">\n<figure class=\"wp-block-image size-full\"><a href=\"https:\/\/www.newsec.se\/\" target=\"_blank\" rel=\"noreferrer noopener\"><img data-recalc-dims=\"1\" loading=\"lazy\" decoding=\"async\" width=\"360\" height=\"140\" data-attachment-id=\"3524\" data-permalink=\"https:\/\/skurugolv.se\/?attachment_id=3524\" data-orig-file=\"https:\/\/i0.wp.com\/skurugolv.se\/wp-content\/uploads\/2023\/11\/Newsec.png?fit=360%2C140&amp;ssl=1\" data-orig-size=\"360,140\" data-comments-opened=\"1\" data-image-meta=\"{&quot;aperture&quot;:&quot;0&quot;,&quot;credit&quot;:&quot;&quot;,&quot;camera&quot;:&quot;&quot;,&quot;caption&quot;:&quot;&quot;,&quot;created_timestamp&quot;:&quot;0&quot;,&quot;copyright&quot;:&quot;&quot;,&quot;focal_length&quot;:&quot;0&quot;,&quot;iso&quot;:&quot;0&quot;,&quot;shutter_speed&quot;:&quot;0&quot;,&quot;title&quot;:&quot;&quot;,&quot;orientation&quot;:&quot;0&quot;}\" data-image-title=\"Newsec\" data-image-description=\"\" data-image-caption=\"\" data-medium-file=\"https:\/\/i0.wp.com\/skurugolv.se\/wp-content\/uploads\/2023\/11\/Newsec.png?fit=300%2C117&amp;ssl=1\" data-large-file=\"https:\/\/i0.wp.com\/skurugolv.se\/wp-content\/uploads\/2023\/11\/Newsec.png?fit=360%2C140&amp;ssl=1\" data-id=\"3524\" src=\"https:\/\/i0.wp.com\/skurugolv.se\/wp-content\/uploads\/2023\/11\/Newsec.png?resize=360%2C140&#038;ssl=1\" alt=\"\" class=\"wp-image-3524\" srcset=\"https:\/\/i0.wp.com\/skurugolv.se\/wp-content\/uploads\/2023\/11\/Newsec.png?w=360&amp;ssl=1 360w, https:\/\/i0.wp.com\/skurugolv.se\/wp-content\/uploads\/2023\/11\/Newsec.png?resize=300%2C117&amp;ssl=1 300w\" sizes=\"auto, (max-width: 360px) 100vw, 360px\" \/><\/a><\/figure>\n\n\n\n<figure class=\"wp-block-image size-full\"><a href=\"https:\/\/www.danvikshem.se\/\" target=\"_blank\" rel=\"noreferrer noopener\"><img data-recalc-dims=\"1\" loading=\"lazy\" decoding=\"async\" width=\"636\" height=\"320\" data-attachment-id=\"3523\" data-permalink=\"https:\/\/skurugolv.se\/?attachment_id=3523\" data-orig-file=\"https:\/\/i0.wp.com\/skurugolv.se\/wp-content\/uploads\/2023\/11\/Danvikshem.png?fit=636%2C320&amp;ssl=1\" data-orig-size=\"636,320\" data-comments-opened=\"1\" data-image-meta=\"{&quot;aperture&quot;:&quot;0&quot;,&quot;credit&quot;:&quot;&quot;,&quot;camera&quot;:&quot;&quot;,&quot;caption&quot;:&quot;&quot;,&quot;created_timestamp&quot;:&quot;0&quot;,&quot;copyright&quot;:&quot;&quot;,&quot;focal_length&quot;:&quot;0&quot;,&quot;iso&quot;:&quot;0&quot;,&quot;shutter_speed&quot;:&quot;0&quot;,&quot;title&quot;:&quot;&quot;,&quot;orientation&quot;:&quot;0&quot;}\" data-image-title=\"Danvikshem\" data-image-description=\"\" data-image-caption=\"\" data-medium-file=\"https:\/\/i0.wp.com\/skurugolv.se\/wp-content\/uploads\/2023\/11\/Danvikshem.png?fit=300%2C151&amp;ssl=1\" data-large-file=\"https:\/\/i0.wp.com\/skurugolv.se\/wp-content\/uploads\/2023\/11\/Danvikshem.png?fit=636%2C320&amp;ssl=1\" data-id=\"3523\" src=\"https:\/\/i0.wp.com\/skurugolv.se\/wp-content\/uploads\/2023\/11\/Danvikshem.png?resize=636%2C320&#038;ssl=1\" alt=\"\" class=\"wp-image-3523\" srcset=\"https:\/\/i0.wp.com\/skurugolv.se\/wp-content\/uploads\/2023\/11\/Danvikshem.png?w=636&amp;ssl=1 636w, https:\/\/i0.wp.com\/skurugolv.se\/wp-content\/uploads\/2023\/11\/Danvikshem.png?resize=300%2C151&amp;ssl=1 300w\" sizes=\"auto, (max-width: 636px) 100vw, 636px\" \/><\/a><\/figure>\n\n\n\n<figure class=\"wp-block-image size-full\"><a href=\"https:\/\/www.vargard.se\/\" target=\"_blank\" rel=\"noreferrer noopener\"><img data-recalc-dims=\"1\" loading=\"lazy\" decoding=\"async\" width=\"600\" height=\"199\" data-attachment-id=\"549\" data-permalink=\"https:\/\/skurugolv.se\/?attachment_id=549\" data-orig-file=\"https:\/\/i0.wp.com\/skurugolv.se\/wp-content\/uploads\/2019\/06\/vargard-1-e1571990777973.png?fit=600%2C199&amp;ssl=1\" data-orig-size=\"600,199\" data-comments-opened=\"1\" data-image-meta=\"{&quot;aperture&quot;:&quot;0&quot;,&quot;credit&quot;:&quot;&quot;,&quot;camera&quot;:&quot;&quot;,&quot;caption&quot;:&quot;&quot;,&quot;created_timestamp&quot;:&quot;0&quot;,&quot;copyright&quot;:&quot;&quot;,&quot;focal_length&quot;:&quot;0&quot;,&quot;iso&quot;:&quot;0&quot;,&quot;shutter_speed&quot;:&quot;0&quot;,&quot;title&quot;:&quot;&quot;,&quot;orientation&quot;:&quot;0&quot;}\" data-image-title=\"vargard\" data-image-description=\"\" data-image-caption=\"\" data-medium-file=\"https:\/\/i0.wp.com\/skurugolv.se\/wp-content\/uploads\/2019\/06\/vargard-1-e1571990777973.png?fit=300%2C100&amp;ssl=1\" data-large-file=\"https:\/\/i0.wp.com\/skurugolv.se\/wp-content\/uploads\/2019\/06\/vargard-1-e1571990777973.png?fit=740%2C246&amp;ssl=1\" data-id=\"549\" src=\"https:\/\/i0.wp.com\/skurugolv.se\/wp-content\/uploads\/2019\/06\/vargard-1-e1571990777973.png?resize=600%2C199&#038;ssl=1\" alt=\"\" class=\"wp-image-549\" srcset=\"https:\/\/i0.wp.com\/skurugolv.se\/wp-content\/uploads\/2019\/06\/vargard-1-e1571990777973.png?w=600&amp;ssl=1 600w, https:\/\/i0.wp.com\/skurugolv.se\/wp-content\/uploads\/2019\/06\/vargard-1-e1571990777973.png?resize=300%2C100&amp;ssl=1 300w\" sizes=\"auto, (max-width: 600px) 100vw, 600px\" \/><\/a><\/figure>\n\n\n\n<figure class=\"wp-block-image size-full\"><a href=\"https:\/\/www.wallenstam.se\/\" target=\"_blank\" rel=\"noreferrer noopener\"><img data-recalc-dims=\"1\" loading=\"lazy\" decoding=\"async\" width=\"229\" height=\"125\" data-attachment-id=\"1975\" data-permalink=\"https:\/\/skurugolv.se\/?attachment_id=1975\" data-orig-file=\"https:\/\/i0.wp.com\/skurugolv.se\/wp-content\/uploads\/2020\/06\/image004-1.png?fit=229%2C125&amp;ssl=1\" data-orig-size=\"229,125\" data-comments-opened=\"1\" data-image-meta=\"{&quot;aperture&quot;:&quot;0&quot;,&quot;credit&quot;:&quot;&quot;,&quot;camera&quot;:&quot;&quot;,&quot;caption&quot;:&quot;&quot;,&quot;created_timestamp&quot;:&quot;0&quot;,&quot;copyright&quot;:&quot;&quot;,&quot;focal_length&quot;:&quot;0&quot;,&quot;iso&quot;:&quot;0&quot;,&quot;shutter_speed&quot;:&quot;0&quot;,&quot;title&quot;:&quot;&quot;,&quot;orientation&quot;:&quot;0&quot;}\" data-image-title=\"image004-1\" data-image-description=\"\" data-image-caption=\"\" data-medium-file=\"https:\/\/i0.wp.com\/skurugolv.se\/wp-content\/uploads\/2020\/06\/image004-1.png?fit=229%2C125&amp;ssl=1\" data-large-file=\"https:\/\/i0.wp.com\/skurugolv.se\/wp-content\/uploads\/2020\/06\/image004-1.png?fit=229%2C125&amp;ssl=1\" data-id=\"1975\" src=\"https:\/\/i0.wp.com\/skurugolv.se\/wp-content\/uploads\/2020\/06\/image004-1.png?resize=229%2C125&#038;ssl=1\" alt=\"\" class=\"wp-image-1975\"\/><\/a><\/figure>\n\n\n\n<figure class=\"wp-block-image size-full\"><a href=\"https:\/\/www.varmdo.se\/\" target=\"_blank\" rel=\"noreferrer noopener\"><img data-recalc-dims=\"1\" loading=\"lazy\" decoding=\"async\" width=\"360\" height=\"180\" data-attachment-id=\"668\" data-permalink=\"https:\/\/skurugolv.se\/?attachment_id=668\" data-orig-file=\"https:\/\/i0.wp.com\/skurugolv.se\/wp-content\/uploads\/2019\/06\/va%CC%88rmdo%CC%88.jpeg?fit=360%2C180&amp;ssl=1\" data-orig-size=\"360,180\" data-comments-opened=\"1\" data-image-meta=\"{&quot;aperture&quot;:&quot;0&quot;,&quot;credit&quot;:&quot;&quot;,&quot;camera&quot;:&quot;&quot;,&quot;caption&quot;:&quot;&quot;,&quot;created_timestamp&quot;:&quot;0&quot;,&quot;copyright&quot;:&quot;&quot;,&quot;focal_length&quot;:&quot;0&quot;,&quot;iso&quot;:&quot;0&quot;,&quot;shutter_speed&quot;:&quot;0&quot;,&quot;title&quot;:&quot;&quot;,&quot;orientation&quot;:&quot;1&quot;}\" data-image-title=\"va\u0308rmdo\u0308\" data-image-description=\"\" data-image-caption=\"\" data-medium-file=\"https:\/\/i0.wp.com\/skurugolv.se\/wp-content\/uploads\/2019\/06\/va%CC%88rmdo%CC%88.jpeg?fit=300%2C150&amp;ssl=1\" data-large-file=\"https:\/\/i0.wp.com\/skurugolv.se\/wp-content\/uploads\/2019\/06\/va%CC%88rmdo%CC%88.jpeg?fit=360%2C180&amp;ssl=1\" data-id=\"668\" src=\"https:\/\/i0.wp.com\/skurugolv.se\/wp-content\/uploads\/2019\/06\/va%CC%88rmdo%CC%88.jpeg?resize=360%2C180&#038;ssl=1\" alt=\"\" class=\"wp-image-668\" srcset=\"https:\/\/i0.wp.com\/skurugolv.se\/wp-content\/uploads\/2019\/06\/va%CC%88rmdo%CC%88.jpeg?w=360&amp;ssl=1 360w, https:\/\/i0.wp.com\/skurugolv.se\/wp-content\/uploads\/2019\/06\/va%CC%88rmdo%CC%88.jpeg?resize=300%2C150&amp;ssl=1 300w\" sizes=\"auto, (max-width: 360px) 100vw, 360px\" \/><\/a><\/figure>\n<\/figure>\n\n\n\n<div class=\"wp-block-ps2id-block-target\" id=\"kontakt\"><\/div>\n\n\n\n<div style=\"height:40px\" aria-hidden=\"true\" class=\"wp-block-spacer\"><\/div>\n\n\n\n<hr class=\"wp-block-separator has-css-opacity is-style-wide\"\/>\n\n\n\n<h1 class=\"wp-block-heading has-text-align-center\">KONTAKT<\/h1>\n\n\n\n<div class=\"wp-block-jetpack-contact-info\">\n<div class=\"wp-block-jetpack-phone\"><span class=\"phone-prefix\">Telefon:\t<\/span><a class=\"farg\" href=\"tel:087471830\">08-7471830<\/a><\/div>\n<\/div>\n\n\n\n<div class=\"wpcf7 no-js\" id=\"wpcf7-f560-o1\" lang=\"sv-SE\" dir=\"ltr\" data-wpcf7-id=\"560\">\n<div class=\"screen-reader-response\"><p role=\"status\" aria-live=\"polite\" aria-atomic=\"true\"><\/p> <ul><\/ul><\/div>\n<form action=\"\/index.php?rest_route=%2Fwp%2Fv2%2Fpages%2F54#wpcf7-f560-o1\" method=\"post\" class=\"wpcf7-form init\" aria-label=\"Kontaktformul\u00e4r\" novalidate=\"novalidate\" data-status=\"init\">\n<fieldset class=\"hidden-fields-container\"><input type=\"hidden\" name=\"_wpcf7\" value=\"560\" \/><input type=\"hidden\" name=\"_wpcf7_version\" value=\"6.1.4\" \/><input type=\"hidden\" name=\"_wpcf7_locale\" value=\"sv_SE\" \/><input type=\"hidden\" name=\"_wpcf7_unit_tag\" value=\"wpcf7-f560-o1\" \/><input type=\"hidden\" name=\"_wpcf7_container_post\" value=\"0\" \/><input type=\"hidden\" name=\"_wpcf7_posted_data_hash\" value=\"\" \/><input type=\"hidden\" name=\"_wpcf7_recaptcha_response\" value=\"\" \/>\n<\/fieldset>\n<p><label> Ditt namn (obligatorisk)<br \/>\n<span class=\"wpcf7-form-control-wrap\" data-name=\"your-name\"><input size=\"40\" maxlength=\"400\" class=\"wpcf7-form-control wpcf7-text wpcf7-validates-as-required\" aria-required=\"true\" aria-invalid=\"false\" value=\"\" type=\"text\" name=\"your-name\" \/><\/span> <\/label>\n<\/p>\n<p><label> Din e-post (obligatorisk)<br \/>\n<span class=\"wpcf7-form-control-wrap\" data-name=\"your-email\"><input size=\"40\" maxlength=\"400\" class=\"wpcf7-form-control wpcf7-email wpcf7-validates-as-required wpcf7-text wpcf7-validates-as-email\" aria-required=\"true\" aria-invalid=\"false\" value=\"\" type=\"email\" name=\"your-email\" \/><\/span> <\/label>\n<\/p>\n<p><label> \u00c4mne<br \/>\n<span class=\"wpcf7-form-control-wrap\" data-name=\"your-subject\"><input size=\"40\" maxlength=\"400\" class=\"wpcf7-form-control wpcf7-text\" aria-invalid=\"false\" value=\"\" type=\"text\" name=\"your-subject\" \/><\/span> <\/label>\n<\/p>\n<p><label> Ditt meddelande<br \/>\n<span class=\"wpcf7-form-control-wrap\" data-name=\"your-message\"><textarea cols=\"40\" rows=\"10\" maxlength=\"2000\" class=\"wpcf7-form-control wpcf7-textarea\" aria-invalid=\"false\" name=\"your-message\"><\/textarea><\/span> <\/label>\n<\/p>\n<p><input class=\"wpcf7-form-control wpcf7-submit has-spinner\" type=\"submit\" value=\"Skicka\" \/>\n<\/p><p style=\"display: none !important;\" class=\"akismet-fields-container\" data-prefix=\"_wpcf7_ak_\"><label>&#916;<textarea name=\"_wpcf7_ak_hp_textarea\" cols=\"45\" rows=\"8\" maxlength=\"100\"><\/textarea><\/label><input type=\"hidden\" id=\"ak_js_1\" name=\"_wpcf7_ak_js\" value=\"87\"\/><script>document.getElementById( \"ak_js_1\" ).setAttribute( \"value\", ( new Date() ).getTime() );<\/script><\/p><div class=\"wpcf7-response-output\" aria-hidden=\"true\"><\/div>\n<\/form>\n<\/div>\n\n\n\n\n<div class=\"my-footer\">\n<h3 class=\"made-by-footer\" style=\"text-align: center;\"><a href=\"https:\/\/tml-consulting.se\/\" target=\"blank\" rel=\"noopener noreferrer\">DESIGN AV: TML-Consulting <\/a><\/h3>\n<\/div>\n","protected":false},"excerpt":{"rendered":"<p>OM OSS Skuru Golvservice \u00e4r ett familjef\u00f6retag som grundades 1980 av Hans Larsson. Sedan 1986 har familjen drivit f\u00f6retaget i aktiebolagsform med Kent Larsson som VD. Vi \u00e4r idag 14 engagerade medarbetare med bred erfarenhet och kunskap som utg\u00f6r ett motiverat och sammansvetsat team. Alla typer av kunder finns representerade i v\u00e5rt kundregister d\u00e4r merparten &hellip; <a href=\"https:\/\/skurugolv.se\/\" class=\"more-link\">Continue reading <span class=\"screen-reader-text\">\u25bc<\/span><\/a><\/p>\n","protected":false},"author":158772920,"featured_media":0,"parent":0,"menu_order":0,"comment_status":"closed","ping_status":"closed","template":"","meta":{"advanced_seo_description":"","jetpack_seo_html_title":"","jetpack_seo_noindex":false,"jetpack_post_was_ever_published":false,"footnotes":""},"class_list":["post-54","page","type-page","status-publish","hentry"],"jetpack_likes_enabled":true,"jetpack_sharing_enabled":true,"jetpack_shortlink":"https:\/\/wp.me\/Pb2AW8-S","_links":{"self":[{"href":"https:\/\/skurugolv.se\/index.php?rest_route=\/wp\/v2\/pages\/54","targetHints":{"allow":["GET"]}}],"collection":[{"href":"https:\/\/skurugolv.se\/index.php?rest_route=\/wp\/v2\/pages"}],"about":[{"href":"https:\/\/skurugolv.se\/index.php?rest_route=\/wp\/v2\/types\/page"}],"author":[{"embeddable":true,"href":"https:\/\/skurugolv.se\/index.php?rest_route=\/wp\/v2\/users\/158772920"}],"replies":[{"embeddable":true,"href":"https:\/\/skurugolv.se\/index.php?rest_route=%2Fwp%2Fv2%2Fcomments&post=54"}],"version-history":[{"count":99,"href":"https:\/\/skurugolv.se\/index.php?rest_route=\/wp\/v2\/pages\/54\/revisions"}],"predecessor-version":[{"id":3544,"href":"https:\/\/skurugolv.se\/index.php?rest_route=\/wp\/v2\/pages\/54\/revisions\/3544"}],"wp:attachment":[{"href":"https:\/\/skurugolv.se\/index.php?rest_route=%2Fwp%2Fv2%2Fmedia&parent=54"}],"curies":[{"name":"wp","href":"https:\/\/api.w.org\/{rel}","templated":true}]}}